03579 a composite number?
True
Is 87251 a composite number?
False
Is 35911 a composite number?
False
Is 35521 prime?
True
Is 14923 a prime number?
True
Is 3421 a prime number?
False
Is 116819 a prime number?
True
Is 1361 prime?
True
Is 119029 a prime number?
False
Is 8903 prime?
False
Is 240253 a composite number?
True
Is 7243 composite?
False
Is 400849 a prime number?
True
Is 3037 composite?
False
Is 26051 a composite number?
True
Is 251803 composite?
True
Is 479 prime?
True
Is 2507 prime?
False
Is 91477 a prime number?
False
Is 27817 composite?
False
Is 34509 a composite number?
True
Is 2257 prime?
False
Is 158581 a prime number?
True
Is 7393 a prime number?
True
Is 9427 prime?
False
Is 1017749 a prime number?
True
Is 31357 a composite number?
False
Is 153869 composite?
True
Is 691 a composite number?
False
Is 46823 a composite number?
True
Is 213221 a composite number?
True
Is 54037 a prime number?
True
Is 57341 a composite number?
True
Is 867593 composite?
True
Is 544447 a prime number?
False
Is 46583 a composite number?
True
Is 139681 a composite number?
False
Is 527 a prime number?
False
Is 743 a composite number?
False
Is 1409617 composite?
True
Is 219911 a prime number?
True
Is 892841 a prime number?
True
Is 100021 a prime number?
False
Is 30619 composite?
True
Is 20977 a composite number?
True
Is 17273 a composite number?
True
Is 361379 prime?
False
Is 407 prime?
False
Is 29157 a prime number?
False
Is 1751741 prime?
True
Is 5541 a composite number?
True
Is 1185379 a prime number?
False
Is 11962 a composite number?
True
Is 381 composite?
True
Is 164471 a prime number?
True
Is 227107 a prime number?
False
Is 477439 prime?
True
Is 222083 a composite number?
True
Is 3799 composite?
True
Is 9871 a prime number?
True
Is 17859 prime?
False
Is 758687 a composite number?
False
Is 150707 prime?
True
Is 219047 composite?
True
Is 451643 prime?
False
Is 30553 a composite number?
False
Is 6415 prime?
False
Is 1114223 a composite number?
True
Is 129902 a composite number?
True
Is 62779 prime?
False
Is 67631 composite?
False
Is 29789 composite?
False
Is 12181 composite?
True
Is 360527 a prime number?
False
Is 17777 a composite number?
True
Is 26777 a prime number?
True
Is 4049 a prime number?
True
Is 883751 a prime number?
False
Is 1031297 prime?
False
Is 1099 a prime number?
False
Is 13571 prime?
False
Is 1073659 composite?
True
Is 862411 composite?
True
Is 30395 composite?
True
Is 228673 a prime number?
False
Is 5345 composite?
True
Is 37781 composite?
False
Is 2243 prime?
True
Is 31019 a prime number?
True
Is 42293 a prime number?
True
Is 1279 prime?
True
Is 45887 prime?
True
Is 157349 a prime number?
True
Is 16001 a composite number?
False
Is 312703 a composite number?
False
Is 62459 prime?
True
Is 116411 a prime number?
True
Is 71 a composite number?
False
Is 541181 prime?
True
Is 4979 prime?
False
Is 39971 a prime number?
True
Is 5674261 composite?
True
Is 154763 composite?
True
Is 11311 a prime number?
True
Is 5261 a prime number?
True
Is 38899 composite?
True
Is 7121 a composite number?
False
Is 3002663 composite?
False
Is 8131 a composite number?
True
Is 43721 a prime number?
True
Is 24197 a prime number?
True
Is 59611 prime?
True
Is 1087 a prime number?
True
Is 1115 prime?
False
Is 3634913 a composite number?
False
Is 135951 a composite number?
True
Is 3643 a prime number?
True
Is 42061 composite?
False
Is 1517183 prime?
False
Is 2374 prime?
False
Is 15931 a composite number?
True
Is 39499 a composite number?
False
Is 26171 prime?
True
Is 549529 a prime number?
False
Is 3637 a composite number?
False
Is 456923 prime?
True
Is 80111 a prime number?
True
Is 333443 prime?
False
Is 3337727 prime?
False
Is 119083 composite?
False
Is 10551 a prime number?
False
Is 183154 a prime number?
False
Is 151251 composite?
True
Is 6385 a composite number?
True
Is 2973 composite?
True
Is 198547 prime?
False
Is 3803 prime?
True
Is 167611 prime?
True
Is 83726 a prime number?
False
Is 18931 a composite number?
True
Is 638417 a prime number?
False
Is 121843 a composite number?
False
Is 26989 prime?
False
Is 14983 prime?
True
Is 2167453 composite?
True
Is 6823 prime?
True
Is 90677 prime?
True
Is 3261 a prime number?
False
Is 400213 a composite number?
True
Is 32921 composite?
True
Is 85123 prime?
False
Is 5998 composite?
True
Is 102847 prime?
False
Is 13621 prime?
False
Is 14489 prime?
True
Is 523291 a prime number?
False
Is 22299 prime?
False
Is 22469 a prime number?
True
Is 3898 a prime number?
False
Is 157457 prime?
True
Is 56071 composite?
True
Is 12961 a prime number?
False
Is 49559 a prime number?
True
Is 2503 prime?
True
Is 56197 composite?
False
Is 2247953 composite?
False
Is 665707 composite?
True
Is 195333 composite?
True
Is 406309 a composite number?
False
Is 40259 prime?
False
Is 436769 a composite number?
True
Is 2959301 a composite number?
False
Is 347603 a composite number?
True
Is 45581 a composite number?
True
Is 2678863 composite?
True
Is 271937 composite?
True
Is 148663 prime?
True
Is 1889 prime?
True
Is 1635479 composite?
False
Is 174703 prime?
True
Is 286489 a composite number?
True
Is 320618 a prime number?
False
Is 107893 a composite number?
True
Is 7109 prime?
True
Is 2941 prime?
False
Is 24281 prime?
True
Is 139121 a prime number?
True
Is 28873 a prime number?
False
Is 12053 a composite number?
True
Is 2399 a composite number?
False
Is 48877 composite?
True
Is 688019 composite?
True
Is 97327 a composite number?
False
Is 247 composite?
True
Is 44609 prime?
False
Is 65909 composite?
True
Is 2897 a prime number?
True
Is 2129 composite?
False
Is 292837 a prime number?
True
Is 18799 a prime number?
False
Is 11101 prime?
False
Is 1901 a prime number?
True
Is 687851 a prime number?
False
Is 4327 composite?
False
Is 27257 a composite number?
True
Is 2573 a prime number?
False
Is 9913 a prime number?
False
Is 25835 a prime number?
False
Is 607267 composite?
True
Is 415 a composite number?
True
Is 172369 prime?
False
Is 7591 composite?
False
Is 569113 composite?
True
Is 1783 prime?
True
Is 82819 prime?
False
Is 8207 a prime number?
False
Is 7895 prime?
False
Is 18853 composite?
True
Is 92931 a composite number?
True
Is 32479 composite?
False
Is 53401 a composite number?
False
Is 8333 a composite number?
True
Is 8861 a composite number?
False
Is 24841 a prime number?
True
Is 134773 a composite number?
True
Is 139157 a composite number?
True
Is 60097 a composite number?
True
Is 1069 a prime number?
True
Is 463949 composite?
False
Is 16319 composite?
False
Is 68863 prime?
True
Is 380879 a prime number?
True
Is 37129 composite?
True
Is 527 a prime number?
False
Is 2857 a prime number?
True
Is 24319 composite?
True
Is 15727 a prime number?
True
Is 5339 a prime number?
False
Is 24545 composite?
True
Is 435197 composite?
True
Is 562043 composite?
False
Is 344723 a composite number?
True
Is 211597 prime?
True
Is 80599 prime?
True
Is 56683 a prime number?
False
Is 411779 a prime number?
True
Is 84011 prime?
True
Is 605921 prime?
True
Is 53854 a composite number?
True
Is 1067503 prime?
False
Is 869 a prime number?
False
Is 359179 a prime number?
False
Is 84541 prime?
False
Is 14163 a composite number?
True
Is 10223 a composite number?
False
Is 966043 composite?
True
Is 63185 composite?
True
Is 17047 a composite number?
False
Is 1931 prime?
True
Is 773677 composite?
True
Is 1106983 composite?
True
Is 7795 prime?
False
Is 194411 prime?
False
Is 10297 prime?
False
Is 22353 a composite number?
True
Is 288751 a prime number?
True
Is 1382629 a composite number?
False
Is 2544457 prime?
True
Is 468859 a prime number?
True
Is 177529 a composite number?
True
Is 1040651 prime?
True
Is 33805 prime?
False
Is 7741 composite?
False
Is 58811 a prime number?
False
Is 156397 composite?
True
Is 16057 a prime number?
True
Is 3791 a prime number?
False
Is 224491 composite?
False
Is 30293 composite?
False
Is 8263 composite?
False
Is 6502 composite?
True
Is 68767 a prime number?
True
Is 1183495 a prime number?
False
Is 5987 a prime number?
True
Is 180151 a composite number?
True
Is 13117 prime?
False
Is 1751 prime?
False
Is 11183 composite?
True
Is 7851 a prime number?
False
Is 120119 a composite number?
True
Is 1989293 a prime number?
False
Is 234409 a composite number?
Tru